or of o and r?
10
Let k(u) = u**2 - 15*u + 44. Let p be k(18). Let q = -390 - -537. What is the greatest common factor of p and q?
49
Let b = -12 + -14. Let i = 26 + b. Suppose i = 2*p - 0*p - 88. What is the greatest common divisor of p and 4?
4
Suppose 16*d - 15*d + 17660 = 4*i, -4*i - d = -17668. Calculate the highest common factor of i and 64.
64
Let m(s) = 29*s**3 + s**3 - 2 + 47*s**3 - 5*s + 2*s**2 + 6. Let a be m(1). Let z = a - 61. Calculate the greatest common divisor of 1 and z.
1
Let o = 1 - -7. Let v be (-156)/(-56)*14 + 33. What is the highest common factor of o and v?
8
Suppose 121*x = 27*x + 3384. Calculate the greatest common divisor of x and 5490.
18
Suppose 4*y = 13 - 1. Suppose -34 = 5*z + u - 90, z = -y*u. Let w = 172 - z. What is the greatest common factor of w and 64?
32
Let v = 2475 - 2364. Calculate the greatest common divisor of 1443 and v.
111
Suppose 9 - 5 = -2*t. Let a be 2/13 + (8856/(-117))/t. Let u = -128 - -280. What is the highest common factor of u and a?
38
Let c(p) = -2*p**3 - 42*p**2 - 43*p - 57. Let j = 322 + -342. Let g be c(j). Let l(q) = 3*q**2. Let t be l(4). Calculate the highest common factor of g and t.
3
Suppose 15*w - 13*w = 0, -t + 376 = 3*t - 4*w. What is the highest common divisor of 7426 and t?
94
Let m(q) = -94*q - 430. Let n be m(-5). Suppose -40 = 3*h - 5*s - 9, 0 = 3*h + 4*s - 14. Let l be 15/(-6)*2*h. Calculate the greatest common divisor of n and l.
10
Suppose 3140*b = 3115*b + 4950. Calculate the highest common factor of b and 414.
18
Let h be (-14)/231 + (-25511)/(-33). What is the greatest common factor of h and 1?
1
Let b = -80 - -76. Let i be 2185/171 + b/(-18). What is the greatest common divisor of 403 and i?
13
Suppose 0 - 3 = g. Let w(i) = -i - 1. Let a be w(g). Suppose 3*v - 98 = 2244*z - 2239*z, 2*v + 4*z = 36. What is the greatest common divisor of a and v?
2
Suppose l = -55*y + 57*y + 808, 5*y = -4*l + 3180. What is the greatest common divisor of 25 and l?
25
Suppose -10*c + 5*c + 50 = 0. Let f be 412/5 + (6/c)/1. Let r = f + -77. Calculate the highest common factor of 42 and r.
6
Let q = 4302 + -4267. Suppose -188 = 3*t + x, 0*t - 2*x - 61 = t. Let r = t + 133. Calculate the highest common factor of q and r.
35
Suppose 3*y + g - 1 = -0, 5 = 3*y + 5*g. Suppose 2*r - 29 - 55 = y. Let b = -108 + 129. What is the highest common divisor of r and b?
21
Suppose 51 = 2*s + 15. Let v = -466 + 664. Calculate the highest common divisor of v and s.
18
Suppose -5*u - 3*i + 421 = 0, 0 = -2*u + 5*i + 170 + 17. What is the highest common divisor of 301 and u?
43
Let d = -371 + 377. Suppose -1797 = -d*z + 3819. Calculate the greatest common factor of 72 and z.
72
Let z be ((14/10)/(88/16280))/(0 + 1). Let f be 37 + (1 - (-1 + 2)). What is the highest common divisor of f and z?
37
Suppose 0 = -h - 5*h + 6720. Let r be (-4)/(-9) - h/(-315). What is the greatest common factor of 5 and r?
1
Suppose 0 = -10*c + 7 + 93. Let u(p) = 18*p - 164. Let g be u(c). What is the highest common factor of g and 12?
4
Let q(c) = -7*c + 205. Let f be -5 + 171/27 - (-106)/6. Let y be q(f). What is the highest common factor of y and 45?
9
Let t(n) = 538*n + 14391. Let u be t(-9). Calculate the highest common factor of u and 18.
9
Suppose 44*r = 58*r - 41*r + 5454. Calculate the highest common divisor of 19190 and r.
202
Suppose -p = -5*q + 25, 4*q = 3*q - p + 5. Suppose -d - 4*d - 2*u = 207, -q*d = -5*u + 200. Let w = -27 - d. What is the greatest common divisor of w and 98?
14
Suppose 0 = -4*c + 2*n + 26 - 0, 2*n = 3*c - 19. Let i be 8*(3 + (-81)/24). Let q be (-20)/i*(-336)/(-64). Calculate the highest common factor of q and c.
7
Let i(u) = 32*u**2 + 17*u + 1. Let s be i(-10). What is the greatest common factor of 7 and s?
7
Let f(t) = -277*t + 1774. Let n be f(6). What is the highest common divisor of 1904 and n?
112
Let m be (-2)/4 + 342/4. Suppose 53*h = 50*h + 24. Suppose 18*g - h*g = 170. What is the greatest common factor of m and g?
17
Let f(w) = -w**2 - 10*w - 11. Let d be f(-7). Suppose x + x - d = 0, 1684 = 4*y + 4*x. What is the greatest common divisor of 13 and y?
13
Let m = -4 - -6. Let g(u) = 6*u - 7. Let q be g(m). Suppose -5 - q = -2*d. Calculate the greatest common factor of d and 25.
5
Let s(g) = -2*g**2 + 73*g - 11. Let m be s(24). What is the greatest common divisor of 209 and m?
19
Let j(k) = -5*k**3 - 5*k**2 + 3*k + 2. Let r be j(-2). Suppose x + 1 - r = 0. What is the greatest common divisor of 105 and x?
15
Let z(b) = 7*b**3 + 4*b**2 - 8*b + 9. Suppose -12 = -31*r + 50. Let k be z(r). What is the greatest common divisor of k and 13?
13
Let l be 399/1862 + (-2)/28 - (-209)/7. What is the highest common factor of l and 19470?
30
Suppose -121 = -2*y + 5*n + 1939, 4*y = -5*n + 4090. Calculate the highest common divisor of 75 and y.
25
Let v(a) = 21*a - 147. Let i be v(7). Suppose 12*m - 22*m + 280 = i. Suppose 8*s = 3*s + 980. Calculate the greatest common divisor of m and s.
28
Let p = 2 + 24. Let k be p/143 + 480/22. Let h(v) = -10*v - 7. Let d be h(-4). What is the greatest common factor of d and k?
11
Let u = -3653 - -3987. What is the greatest common divisor of 501 and u?
167
Suppose -26 = -4*s + 3*h, -4*h = -5*s - 10 + 42. What is the greatest common divisor of 406 and s?
2
Suppose 3*m = 2*m + 8. Suppose 2*y = -b + 8, 10*b = 5*b + 5*y + 10. Let j be (b - 0) + (-4 - -1). What is the greatest common factor of m and j?
1
Let z = -9 - -56. Let o = z + -17. Suppose -3*b = 2*b - o. Calculate the greatest common factor of b and 4.
2
Let x be (21312/(-64))/(-6*(2 - (-9)/(-6))). Calculate the greatest common factor of x and 201.
3
Suppose 4*v = 6*d - 11*d + 1248, 12 = -4*v. Calculate the greatest common factor of d and 60.
12
Suppose q + 485 = 4*w, -3*w + 365 = -20*q + 19*q. Calculate the highest common factor of w and 4440.
120
Let u = -19874 + 21140. Calculate the highest common factor of u and 6.
6
Let m be (-224)/(-36) + 36/(-162). Suppose -11*g + m*g + 225 = 5*z, -z = 2*g - 45. Calculate the highest common divisor of 405 and z.
45
Let h(t) = 2197*t**2 + 90*t - 230. Let z be h(2). Calculate the highest common factor of 85 and z.
17
Let t(p) = 3*p**3 + 2*p**2 - 3*p. Let u be t(3). What is the highest common divisor of 250 and u?
10
Let j(w) = 15*w**2 - 70*w + 9. Let c be j(13). Suppose 15*m - c - 3301 = 0. Calculate the highest common divisor of m and 7.
7
Suppose 2*q = 4 - 0. Let z(d) = -6 - 7*d + 1 - 8 - 8 - 6. Let c be z(-5). What is the highest common factor of c and q?
2
Let z = -121 + 130. Suppose z*u = 116 + 28. Calculate the highest common divisor of 432 and u.
16
Let b(q) = 3*q**3 + 2*q**2 - 2. Let a be b(-1). Let n(s) = 5*s**2 + 5*s - 6. Let v be n(a). Calculate the highest common factor of v and 3.
3
Let g be 174*(2 - 9/6). Let m be ((-24)/(-56))/(2/((-28)/(-5 - -3))). What is the greatest common divisor of g and m?
3
Let u = 6142 - 6014. What is the highest common divisor of 12 and u?
4
Suppose -i - 387 = -4*r + 2*i, -2*i = -6. Suppose -957*k = -857*k - 14300. What is the highest common divisor of r and k?
11
Let y be (-8)/(-6)*27*(-4)/(-36). Let p = 75 + -53. What is the greatest common divisor of p and y?
2
Let m be 3 + (9 - (1 + 3)). Let p be m - (4 + -2) - -106. What is the highest common factor of p and 16?
16
Let t be -8 + -148*(-4 - -3). Suppose -t = -5*q - 6*i + i, 2*q = 5*i + 91. Calculate the highest common divisor of q and 55.
11
Let s(g) = -82*g + 1512. Let v be s(18). Calculate the greatest common divisor of v and 1272.
12
Let k = 729 + -727. Let r(g) = 40*g**3 + 8*g - 7. Let y be r(k). What is the greatest common factor of 141 and y?
47
Suppose 6*p - 5*p = -2*v + 11, -3*v - 5*p = -6. Calculate the highest common divisor of 469 and v.
7
Suppose -3*q + 21*w = 24*w - 33, 4*q - 64 = w. What is the greatest common divisor of 9015 and q?
15
Suppose -102 + 20 = -p. Let u = p - 34. Calculate the highest common factor of u and 96.
48
Let k = 2715 + 4944. Calculate the greatest common divisor of k and 207.
207
Let o = 11 - 20. Let l be (5 + o + -26)*-2. What is the highest common factor of 140 and l?
20
Suppose -1632 = -196*h + 148*h. What is the highest common factor of 34 and h?
34
Let z be ((-72)/5)/(2/(-10)). Let l = z - 69. Suppose l*f = -5*s + 151, -3*s + 84 + 27 